late the remainder when 364 is divided by 110.
34
What is the remainder when 514 is divided by 47?
44
Calculate the remainder when 5251 is divided by 74.
71
Calculate the remainder when 54 is divided by 28.
26
Calculate the remainder when 411 is divided by 88.
59
What is the remainder when 207 is divided by 28?
11
What is the remainder when 2085 is divided by 94?
17
Calculate the remainder when 3635 is divided by 34.
31
Calculate the remainder when 3389 is divided by 155.
134
Calculate the remainder when 12012 is divided by 45.
42
Calculate the remainder when 97 is divided by 77.
20
Calculate the remainder when 59 is divided by 8.
3
Calculate the remainder when 329 is divided by 79.
13
What is the remainder when 308 is divided by 26?
22
Calculate the remainder when 885 is divided by 109.
13
What is the remainder when 2628 is divided by 56?
52
What is the remainder when 2854 is divided by 106?
98
What is the remainder when 159 is divided by 37?
11
What is the remainder when 276 is divided by 47?
41
What is the remainder when 297 is divided by 47?
15
What is the remainder when 618 is divided by 31?
29
What is the remainder when 328 is divided by 55?
53
What is the remainder when 422 is divided by 53?
51
What is the remainder when 2316 is divided by 233?
219
What is the remainder when 109 is divided by 21?
4
Calculate the remainder when 230 is divided by 24.
14
What is the remainder when 75 is divided by 11?
9
Calculate the remainder when 518 is divided by 26.
24
Calculate the remainder when 2726 is divided by 130.
126
What is the remainder when 237 is divided by 4?
1
What is the remainder when 479 is divided by 148?
35
What is the remainder when 2869 is divided by 33?
31
Calculate the remainder when 361 is divided by 24.
1
Calculate the remainder when 495 is divided by 126.
117
Calculate the remainder when 113 is divided by 7.
1
Calculate the remainder when 30410 is divided by 17.
14
Calculate the remainder when 407 is divided by 62.
35
Calculate the remainder when 28192 is divided by 127.
125
What is the remainder when 246 is divided by 228?
18
Calculate the remainder when 194 is divided by 21.
5
Calculate the remainder when 619 is divided by 125.
119
Calculate the remainder when 265 is divided by 74.
43
What is the remainder when 820 is divided by 11?
6
What is the remainder when 968 is divided by 277?
137
What is the remainder when 49 is divided by 32?
17
What is the remainder when 6463 is divided by 15?
13
What is the remainder when 954 is divided by 32?
26
Calculate the remainder when 328 is divided by 81.
4
What is the remainder when 264 is divided by 29?
3
Calculate the remainder when 102 is divided by 40.
22
What is the remainder when 60 is divided by 42?
18
Calculate the remainder when 4633 is divided by 62.
45
Calculate the remainder when 312 is divided by 21.
18
What is the remainder when 81 is divided by 21?
18
Calculate the remainder when 110 is divided by 90.
20
Calculate the remainder when 3909 is divided by 301.
297
Calculate the remainder when 1289 is divided by 5.
4
Calculate the remainder when 573 is divided by 80.
13
Calculate the remainder when 4299 is divided by 50.
49
Calculate the remainder when 699 is divided by 39.
36
What is the remainder when 223 is divided by 45?
43
What is the remainder when 77 is divided by 10?
7
Calculate the remainder when 356 is divided by 15.
11
What is the remainder when 439 is divided by 232?
207
Calculate the remainder when 196 is divided by 29.
22
Calculate the remainder when 2090 is divided by 1036.
18
Calculate the remainder when 238 is divided by 9.
4
Calculate the remainder when 310 is divided by 71.
26
What is the remainder when 96 is divided by 41?
14
Calculate the remainder when 2823 is divided by 16.
7
What is the remainder when 3113 is divided by 775?
13
What is the remainder when 773 is divided by 86?
85
What is the remainder when 3801 is divided by 2?
1
What is the remainder when 5172 is divided by 148?
140
Calculate the remainder when 1049 is divided by 330.
59
What is the remainder when 1833 is divided by 128?
41
Calculate the remainder when 231 is divided by 211.
20
What is the remainder when 463 is divided by 439?
24
What is the remainder when 1250 is divided by 9?
8
What is the remainder when 82 is divided by 76?
6
Calculate the remainder when 18741 is divided by 23.
19
Calculate the remainder when 2104 is divided by 26.
24
What is the remainder when 245 is divided by 42?
35
What is the remainder when 3098 is divided by 31?
29
What is the remainder when 31 is divided by 29?
2
What is the remainder when 2644 is divided by 31?
9
Calculate the remainder when 47 is divided by 14.
5
What is the remainder when 3842 is divided by 548?
6
Calculate the remainder when 270 is divided by 55.
50
Calculate the remainder when 629 is divided by 8.
5
What is the remainder when 116 is divided by 20?
16
Calculate the remainder when 802 is divided by 134.
132
Calculate the remainder when 244 is divided by 51.
40
Calculate the remainder when 382 is divided by 71.
27
Calculate the remainder when 39 is divided by 9.
3
Calculate the remainder when 516 is divided by 29.
23
What is the remainder when 22308 is divided by 7?
6
Calculate the remainder when 1626 is divided by 204.
198
Calculate the remainder when 140 is divided by 133.
7
Calculate the remainder when 57 is divided by 31.
26
Calculate the remainder when 1378 is divided by 115.
113
What is the remainder when 828 is divided by 41?
8
Calculate the remainder when 406 is divided by 11.
10
What is the remainder when 4148 is divided by 83?
81
Calculate the remainder when 709 is divided by 174.
13
What is the remainder when 74 is divided by 16?
10
Calculate the remainder when 930 is divided by 336.
258
What is the remainder when 17 is divided by 6?
5
Calculate the remainder when 22829 is divided by 5707.
1
What is the remainder when 239 is divided by 23?
9
What is the remainder when 167 is divided by 30?
17
Calculate the remainder when 431 is divided by 22.
13
What is the remainder when 180 is divided by 63?
54
What is the remainder when 1153 is divided by 44?
9
What is the remainder when 72 is divided by 7?
2
What is the remainder when 3525 is divided by 82?
81
What is the remainder when 622 is divided by 52?
50
Calculate the remainder when 8 is divided by 6.
2
What is the remainder when 59 is divided by 20?
19
What is the remainder when 3037 is divided by 20?
17
What is the remainder when 245 is divided by 2?
1
What is the remainder when 402 is divided by 103?
93
Calculate the remainder when 297 is divided by 101.
95
Calculate the remainder when 34 is divided by 4.
2
What is the remainder when 107 is divided by 94?
13
What is the remainder when 2371 is divided by 19?
15
What is the remainder when 146 is divided by 33?
14
Calculate the remainder when 203 is divided by 108.
95
What is the remainder when 185 is divided by 65?
55
What is the remainder when 54149 is divided by 50?
49
What is the remainder when 328 is divided by 110?
108
Calculate the remainder when 124 is divided by 97.
27
Calculate the remainder when 502 is divided by 13.
8
What is the remainder when 1919 is divided by 62?
59
What is the remainder when 200 is divided by 159?
41
Calculate the remainder when 2302 is divided by 87.
40
Calculate the remainder when 11471 is divided by 6.
5
Calculate the remainder when 2355 is divided by 1.
0
What is the remainder when 6307 is divided by 76?
75
Calculate the remainder when 655 is divided by 232.
191
What is the remainder when 977 is divided by 203?
165
What is the remainder when 74 is divided by 39?
35
Calculate the remainder when 2434 is divided by 486.
4
What is the remainder when 638 is divided by 221?
196
Calculate the remainder when 333 is divided by 48.
45
What is the remainder when 2871 is divided by 103?
90
Calculate the remainder when 212 is divided by 31.
26
Calculate the remainder when 1389 is divided by 48.
45
Calculate the remainder when 331 is divided by 15.
1
Calculate the remainder when 305 is divided by 16.
1
What is the remainder when 141 is divided by 44?
9
Calculate the remainder when 2338 is divided by 117.
115
What is the remainder when 1573 is divided by 63?
61
What is the remainder when 2498 is divided by 279?